 be (-8)/28 - 15/21. What is the remainder when 15 is divided by (8 - 4)*(-2)/f?
7
Let z(q) = -q**3 - 10*q**2 + 3*q + 1. Let h(b) = -2*b**3 - 21*b**2 + 5*b + 1. Let k(r) = 3*h(r) - 7*z(r). What is the remainder when k(-7) is divided by 20?
18
Suppose 5*c + 21 = z, 0 = 2*z - 4*c - 4 - 20. Let s be 24*(-1)/4*2. Let x = z - s. What is the remainder when x is divided by 10?
8
Let s = -421 + 624. What is the remainder when s is divided by 41?
39
Let w(y) = 4*y**2 - 2*y - 5 + 2 - y**2 + 5*y. Calculate the remainder when w(2) is divided by 8.
7
Suppose -12*g + 17*g = 95. What is the remainder when 55 is divided by g?
17
Suppose -v + 10 = -4. Suppose 3*d + d + z = 159, d = -4*z + 36. Calculate the remainder when d is divided by v.
12
Calculate the remainder when (10 - -3)*4*1 is divided by 27.
25
Let q(v) = -v - 1. Let t be q(3). Calculate the remainder when 5 is divided by ((-6)/8)/(1/t).
2
Let q(z) = 28*z + 2. Let t(c) = 27*c + 2. Let a(o) = -3*q(o) + 4*t(o). What is the remainder when 51 is divided by a(1)?
25
Suppose -4*s + 5*h - 8 + 3 = 0, -25 = -4*s - h. Suppose 16 = 2*b + 4*w, -3*b - 3*w + 19 = 2*w. Let t = s + b. Calculate the remainder when t is divided by 2.
1
Suppose 0 = -4*c - 2*b + 22, -4*c + 0*b = -3*b + 3. What is the remainder when c*1 - (-85 - -9) is divided by 27?
25
Let q = 44 + -12. What is the remainder when 94 is divided by q?
30
Let v(a) = -a**2 + 3*a + 4. Let l be v(4). Suppose l = n - 6*n + 70. Calculate the remainder when ((-1)/2)/(2/(-160)) is divided by n.
12
Let h(y) = y**2 - y + 5. Calculate the remainder when h(7) is divided by 16.
15
Suppose 2*k + 22 = g, 5*g - 68 = 2*k - 6*k. Calculate the remainder when g is divided by 6.
4
Suppose 4*c - 84 = -5*s, 3 = 3*c - 5*s - 60. What is the remainder when c is divided by 11?
10
Let j = -46 - -139. Calculate the remainder when j is divided by 24.
21
Let v be 1*(1 - 2)*-94. Let n = 52 - v. Calculate the remainder when (-2 + n/9)*-3 is divided by 11.
9
Let d(l) = -2*l + 1. Let r be d(4). Let y = 3 - r. Suppose -3*n + y = -n. What is the remainder when 13 is divided by n?
3
What is the remainder when 70/(-3)*(-24)/10 is divided by 19?
18
Let v(g) = -g - 6. Let b be v(-13). Suppose -b*r + 30 = -2*r. Calculate the remainder when 32 is divided by ((-68)/r)/((-6)/9).
15
Suppose -4*h = -2*h - 384. Suppose -4*c = -44 - h. What is the remainder when c is divided by 20?
19
Let p(g) = g. Let y be p(-1). What is the remainder when 44 is divided by (-2 + -1)/(y/5)?
14
Let n(r) = -r**3 + r**2 + r + 5. Let y be n(0). Let u = y + -3. Suppose v - 59 = 4*k, -u*v - 3*k + 2*k = -118. Calculate the remainder when v is divided by 15.
14
Suppose -g = -z + 6 - 1, 0 = -4*g + 3*z - 15. Suppose g = -p - 56 - 88. What is the remainder when (-4)/(-10) + p/(-15) is divided by 4?
2
Suppose 3*i + 2*l = 6 + 8, 0 = -5*i + 2*l + 34. Let c be (2 - (-1)/1) + -3. Suppose c*y - 2*y + 20 = 0. Calculate the remainder when y is divided by i.
4
Suppose 2*t - 9 = 5. Suppose -5*a = -10, 0 = -2*n + a + 7 + t. What is the remainder when 29 is divided by n?
5
Suppose 0 = 2*v - v. Let m(h) = h + 9. What is the remainder when 26 is divided by m(v)?
8
Suppose j = 3*j - 8. Suppose a - 13 + j = 4*q, -5*a - 3 = -4*q. Calculate the remainder when (-26)/3*q/2 is divided by 5.
3
Suppose -s = 3*s - 40. Calculate the remainder when 17 is divided by s.
7
Suppose 5*h = 149 - 54. Suppose -4*u = -5*l - 55, -4*l + 38 = 5*u - 0*l. Calculate the remainder when h is divided by u.
9
Calculate the remainder when (12/(-14))/(1/(-42)) is divided by 20.
16
Let d = -40 + 52. What is the remainder when 34 is divided by d?
10
Let i = -17 - -59. Suppose 3*q - 117 + i = 0. Suppose t = 5*t - 52. What is the remainder when q is divided by t?
12
Suppose -45 = -3*v - 0*v. Let a(n) = n + 5. Calculate the remainder when v is divided by a(3).
7
Let l = 5 + 35. What is the remainder when l is divided by 9?
4
Suppose 3*h + 5 = -7. Let z = 13 + h. What is the remainder when 15 is divided by z?
6
Let c = 75 + -44. Calculate the remainder when c is divided by 4/(8/(-5))*(-64)/10.
15
Suppose -2*r + 14 = 3*a, -2*r + a + 4*a = 18. What is the remainder when 6 is divided by r?
0
Calculate the remainder when 72/(3 - -1) - -4 is divided by (-2)/((-3)/(-4) - 1).
6
What is the remainder when 2 - (-23 - (-2)/(-2)) is divided by (-2)/(-4)*(-56)/(-2)?
12
Calculate the remainder when 136 is divided by (2 + -4)*1/2 - -71.
66
Calculate the remainder when 10 is divided by ((-6)/5)/((-14)/105).
1
Let v(q) = q**2 - 5*q - 17. What is the remainder when v(9) is divided by 12?
7
Suppose 249 = 10*z - 341. Calculate the remainder when 173 is divided by z.
55
Let v be (-6)/2*4/(-3). Suppose 0 = -2*o + v + 8. Suppose c + o*z - 4*z - 9 = 0, 4*z = -3*c + 35. Calculate the remainder when c is divided by 6.
5
Let b(h) be the second derivative of -11*h**3/6 + 9*h**2/2 + 2*h. What is the remainder when b(-8) is divided by 25?
22
Let o = -51 - -135. Suppose 14 = -x + 43. What is the remainder when o is divided by x?
26
Let z be 22/3 + (-4)/(-6). What is the remainder when z*-2*(-1)/4 is divided by 3?
1
Let i(b) be the second derivative of b**4/12 + 2*b**3/3 - 5*b**2/2 + 3*b. Let m be i(-6). Let r = m - 5. Calculate the remainder when r is divided by 2.
0
Let y = 97 - 50. What is the remainder when y is divided by ((-52)/(-4) - 5) + (-12)/(-3)?
11
Let u(z) = 2*z**3 - 2*z**2 + z + 1. Calculate the remainder when 42 is divided by u(2).
9
Let u(b) = 4*b + 2. Calculate the remainder when u(2) is divided by ((-18)/(-15))/((-4)/(-10)).
1
Let z = -16 + 8. Let u = z - -31. What is the remainder when 44 is divided by u?
21
Suppose 0 = -7*b + 4*b + 342. What is the remainder when b is divided by 29?
27
Let b(t) = 3*t**3 - t**2 + 1. Calculate the remainder when 8 is divided by b(1).
2
Let y = 39 + -23. What is the remainder when 29 is divided by y?
13
Let q(r) = 57*r**3 + 2*r**2 - 1. Let o be -2*((0 - -1) + -5). Calculate the remainder when q(1) is divided by ((-30)/o)/(15/(-60)).
13
Let i = -34 - -62. What is the remainder when i is divided by ((-30)/21)/(2/(-14))?
8
Calculate the remainder when 49 is divided by -1*(3 - 2) - -11.
9
Suppose 0 = 5*v - 4*v - 30. Suppose -3*g + g + 32 = 0. What is the remainder when v is divided by g?
14
Suppose -5*v + 98 - 28 = 0. What is the remainder when 54 is divided by v?
12
Suppose 4*d + 3*b = 47, -4*b - 10 = 3*d - 47. Calculate the remainder when 51 is divided by d.
7
Let f = 61 + -35. Calculate the remainder when 48 is divided by f.
22
Let l(n) = -n + 22. What is the remainder when 131 is divided by l(3)?
17
Suppose 2*q + 4*y = -0*q + 24, 4*q + 3*y = 33. Let w(s) = s**3 - 7*s**2 + 7*s - 4. Calculate the remainder when 4 is divided by w(q).
0
Let t(g) = g**2 - 7*g - 1. Let v(c) = -c. Let a(b) = -t(b) + 3*v(b). Let j be a(2). Calculate the remainder when (35/(-2))/j*-2 is divided by 3.
1
Let x = 10 + 8. Suppose -5*q - 4*d = -74, -q + x = -0*q + 4*d. Suppose -2*s = -3*v + 9, -4*v - s - 2*s = -29. Calculate the remainder when q is divided by v.
4
Suppose 0 = 2*o - 3*o + 2*f + 174, 4*o = 4*f + 712. Calculate the remainder when o is divided by 31.
27
What is the remainder when 48/(-10)*(-80)/6 is divided by 22?
20
Let q(g) = 12*g - 38. Calculate the remainder when q(5) is divided by 4.
2
Suppose -5*p = 5*d - 80, 8 = d - 0*p - p. What is the remainder when 38 is divided by 9/d - 231/(-12)?
18
Let l = -9 - -18. What is the remainder when l is divided by 6?
3
Calculate the remainder when (-10)/((-30)/3)*(-94)/(-2) is divided by 12.
11
Let x(r) = -r**3 - 4*r**2 - r - 2. Let g be x(-4). Let i = -18 - -32. Calculate the remainder when i is divided by (8/3)/(g/6).
6
Suppose -93 = -5*t + 42. Let o = 193 + -88. What is the remainder when o is divided by t?
24
Let y(h) = -h + 55. Let i(c) = c**3 - 3*c**2 - 6*c - 1. Suppose -10 = -u - u. What is the remainder when y(0) is divided by i(u)?
17
Suppose 0 = -2*r + 2*d + 50, 0 = 2*r - 0*d - d - 51. Suppose 5*c + 2*l - 64 = 0, 61 = 5*c + l + 2*l. What is the remainder when r is divided by c?
12
Let o(w) = -13*w**3 + 2*w + 1. Calculate the remainder when 47 is divided by o(-1).
11
What is the remainder when 2 - (2 + -3) - -70 is divided by 19?
16
Suppose 17 - 7 = 2*p. Let h = 4 + -4. Suppose h = 4*f - 2 + 22, -3*f - 24 = -3*b. What is the 